. Let l(z) = -3*z + 19. Calculate the remainder when l(-7) is divided by u.
13
Suppose 21*m = 25*m - 20. Suppose m*o = -7 + 237. What is the remainder when o is divided by 16?
14
Let p be 4/(-2)*9/(-6). Suppose 4*t + 0*t + b = 27, -t + b = -p. Calculate the remainder when t is divided by 4.
2
Let f = -633 + 920. What is the remainder when f is divided by 24?
23
Let v be 39*1*1/(12/44). Let r = 272 - v. Calculate the remainder when r is divided by 44.
41
Calculate the remainder when (-205930)/(-140) + 3/42 is divided by 32.
31
Suppose 0 = 4*k - 5*i - 17, 3*k - 13 = -2*k - 2*i. Suppose 4*j + k*f = 59 + 41, -125 = -5*j - f. Calculate the remainder when j is divided by 7.
4
Let h = 8 + -3. Suppose -l = -h*l + 140. Let n(x) = -4*x - 3. Calculate the remainder when l is divided by n(-3).
8
Let b(y) = -86*y - 276. Calculate the remainder when 307 is divided by b(-4).
35
Let j(z) = z. Let r be j(-2). Let c be 12*(r + 36/16). Calculate the remainder when 2*-3 + c + 9 is divided by 4.
2
Calculate the remainder when 1349 is divided by (5 - 20/(-5))/((-3)/(-9)).
26
Suppose -10*w - 5*c = -12*w + 268, 4*w - 560 = 4*c. What is the remainder when w is divided by 72?
0
Let w = 802 - 447. What is the remainder when w is divided by 90?
85
Suppose -2*p - 2*p + 508 = 0. Suppose 5*v = 5*h - 18 - p, h = 2*v + 34. What is the remainder when 3/9*27*(0 - -5) is divided by h?
21
Let i = -85 - -106. Calculate the remainder when 78 is divided by i.
15
Suppose -9*n + 1996 = 1951. Suppose 60 = 3*j - 0*j. Calculate the remainder when j is divided by n.
0
Let q be 2/4*8 + 4/(-2). Suppose 5*w - 236 = -0*w + 2*s, 0 = -3*w + q*s + 140. What is the remainder when w is divided by 17?
14
Let u(b) = 3*b**2 + 3*b + 3. Suppose -4*x - 5*k - 222 = 234, 561 = -5*x - 4*k. Let z = -76 - x. What is the remainder when u(-5) is divided by z?
30
What is the remainder when 23 + -3*6/18 is divided by 6?
4
Calculate the remainder when 100 is divided by 24*111/(-74)*(-1)/3.
4
Let s(f) = -f**3 - 24*f**2 - f + 6. Let i be s(-24). Suppose 4*v - 174 = -i. Calculate the remainder when v is divided by 13.
10
Let h(f) be the first derivative of f**4/4 - 5*f**3/3 + f**2 - 2*f - 5. Calculate the remainder when h(6) is divided by 12.
10
Suppose 15*o = 49*o - 884. Calculate the remainder when 254 is divided by o.
20
Let s be 12/(-5) - (-4)/10. Let m be s - (-3 - 0) - -4. Suppose 0 = 3*i - 23 + m. Calculate the remainder when 23 is divided by i.
5
Suppose 0*s - 86 = -2*s. What is the remainder when s is divided by (5 + -9 - -15) + 0?
10
Suppose -1602*n = -1608*n + 126. What is the remainder when 100 is divided by n?
16
Suppose -2*x + x = -19. Suppose -z + 6*z = 15. Suppose 0 = -0*t - t - z*u - 2, 60 = 4*t - 5*u. Calculate the remainder when x is divided by t.
9
Let s be (-1 - 3) + 2 + -2. Calculate the remainder when (-1 - -15)/(s/(-26)) is divided by 23.
22
Let h = -10 - -15. Let n(w) = -w**3 + 6*w**2 - 5*w - 7. Let x be n(h). What is the remainder when 67 + -1 - (x - -10) is divided by 17?
12
Let k(f) = f**2 + 12. Suppose 92 = -x + 2*x. Suppose 0 = d + d - x. Calculate the remainder when d is divided by k(0).
10
Let r = -1049 - -1099. What is the remainder when 158 is divided by r?
8
Let w(c) = c**2 + 4*c - 8. Let v be w(-6). Suppose u = -0*u + 38. Calculate the remainder when 53 is divided by v/(-8) - u/(-4).
8
Let h(l) = l + 108. What is the remainder when h(32) is divided by 48?
44
Let i(w) = 13*w + 80. Calculate the remainder when 28 is divided by i(-5).
13
Let r(c) = -9*c - 2. Suppose u - i - 32 = 4*i, -4*u = -5*i - 158. Suppose 2*t = 5*a - a - u, 29 = 3*a - 4*t. What is the remainder when r(-5) is divided by a?
10
Let m(p) = 2*p + 16. What is the remainder when m(0) is divided by 5/1*(-3)/(-3)?
1
Suppose 0 = v - 4*q + 5, v + 5*q = -v + 42. Suppose 43 = 2*h - 75. Let b = h - 17. What is the remainder when b is divided by v?
9
Suppose -3*b + 2465 = -1015. Calculate the remainder when b is divided by 83.
81
Suppose f = 4*f + 6, 4*i = f + 14. Suppose i*u = 8*u - 15. Let z = 0 + 1. What is the remainder when u is divided by z?
0
Let p(z) = 1. Let b(r) = -5*r + 33. Let q(v) = b(v) - 3*p(v). Let o(s) = -s + 1. Calculate the remainder when q(0) is divided by o(-7).
6
Suppose -4*r = 4*a - 60, -r - 59 + 20 = -2*a. Calculate the remainder when 63 is divided by a.
9
Suppose 12*h - 717 = 2031. What is the remainder when h is divided by 6?
1
Suppose -5*y - 61 = -2*o, o = -y - 3 + 23. Calculate the remainder when -3 - 36/(-6) - (1 - 88) is divided by o.
21
Let x(g) = -23*g**3 + 2*g**2 - 1. Let o(k) = 6*k. Let n be o(1). Suppose -n*l + l = -45. Calculate the remainder when x(-1) is divided by l.
6
Let h(b) be the second derivative of b**4/12 + b**3/3 + 11*b**2/2 + 12*b. What is the remainder when h(-9) is divided by 15?
14
Suppose -3*b - 156 = -5*r, 5*b = -2*r - 34 + 115. Suppose 2*y - r = 15. Let h = y - 17. What is the remainder when 25 is divided by h?
4
Let x = -500 - -502. Calculate the remainder when 9 is divided by x.
1
Let o(z) = z**3 + z**2 + 4. Let l be o(0). Suppose l = 6*f - 14. Suppose f = c - 8. What is the remainder when 43 is divided by c?
10
Let m(t) be the second derivative of t**4/4 + t**3/2 + 4*t**2 - 27*t. Calculate the remainder when m(-3) is divided by 14.
12
Let b = -68 - 6. Let i = b + 97. Calculate the remainder when 44 is divided by i.
21
Let y = 1024 - 1010. What is the remainder when 110 is divided by y?
12
Let c(l) = 3*l**2 + 4*l + 10. Let u be c(6). Let p = u + -79. Calculate the remainder when p is divided by 11.
8
Let m(b) = 43*b**3 - 1. What is the remainder when 83 is divided by m(1)?
41
Suppose -14*i + 1197 = 63. What is the remainder when i is divided by 12?
9
Let j(l) = 15*l**2 + 17*l + 16. Calculate the remainder when (-109)/(-2) + (-1)/(-2) is divided by j(-1).
13
Suppose 3*n - n - 5*u = 190, 2*n = -3*u + 190. What is the remainder when n is divided by 17?
10
What is the remainder when 353 is divided by 724/6 - (-35)/(-21)?
115
Suppose 0 = -5*s - 2*s + 70. Suppose 0 = 3*q - s - 17. What is the remainder when 41 is divided by q?
5
Let f be (-24)/(-15) + -2 + (-702)/(-5). Suppose 9*t = 14*t - f. What is the remainder when t is divided by (1/(-1) - -13) + -2?
8
Let g be 2/4*30/5. Suppose -h + g + 0 = 0. Let p = 204 - 198. What is the remainder when p is divided by h?
0
Suppose 2*i - w = 7 + 5, w + 8 = i. Suppose 0 = i*p - 7 - 1. Suppose p*r + 5*j + 57 = 4*r, -r + 5*j + 41 = 0. What is the remainder when 31 is divided by r?
15
Let m be -21*(-1 + 2)/(-3). Suppose -9*h + 10 = -m*h. What is the remainder when 26 is divided by h?
1
Let n(k) = -k + 8. Let x be n(-7). Suppose 0*w - 4*u = -2*w + 10, -4*w = -3*u - x. Suppose 0 = w*q + 2*q - 20. What is the remainder when 15 is divided by q?
3
Let z = 60 + -42. What is the remainder when 105 is divided by (z/(-7))/((-18)/84)?
9
Let m(f) = 5*f - 9*f**3 + f**3 - 7 + 7*f**2 + f**3 + 6*f**3. Calculate the remainder when m(7) is divided by 10 - 1*(0 - 0).
8
Suppose 0 = 10*s - 462 - 98. Calculate the remainder when 73 is divided by s.
17
Let r = 6 - 15. Let t = r - -29. Calculate the remainder when 48 is divided by t.
8
Suppose 16*h - 2319 = 1185. What is the remainder when h is divided by 17?
15
Suppose 3*o = 21 - 6. Suppose 0 = 5*y + 3*n - 245, n + 204 = 4*y + o*n. Let g(u) = 5*u - 18. Calculate the remainder when y is divided by g(6).
10
Let s(w) = -w**3 - 3*w**2 - 3*w. Let j be s(-2). Suppose -j*l - 2 = -30. What is the remainder when l - (-3 + 0 - -4) is divided by 8?
5
Let o(z) = z**3 - 7*z**2 + 5*z - 8. Let s be o(6). Suppose 0 = 2*n - 5*n + 30. What is the remainder when s/4*-8 - 1 is divided by n?
7
Let o = 7 + -3. Suppose -2*x + 7 = -5*x - o*t, -2*x = -2*t + 28. What is the remainder when (x/(-6))/(3/34) is divided by 7?
3
Let m(z) = -z**3 + 13*z**2 + 16*z - 20. Calculate the remainder when 20 is divided by m(14).
4
Let m(n) = 47*n + 1050. What is the remainder when 2769 is divided by m(-21)?
60
Suppose 0 = -7*s + 4*s - 12. Let t(i) = i**3 + 5*i**2 - 9. Calculate the remainder when 26 is divided by t(s).
5
Suppose -81 - 1359 = -10*o. Calculate the remainder when o is divided by 29.
28
Let s = 27 - 24. Suppose s*c = d + 17, 0*c - c + d + 9 = 0. Suppose 4*p + 4*q - c = 20, -q = -p + 8. What is the remainder when p is divided by 2?
1
